rivative of -l**2/2 + 83. Let j = -75 - -72. Calculate m(j).
3
Let c(z) = -35*z - 37*z + 5 + 22 + 53*z - 13. Calculate c(0).
14
Let y(g) = 14 + 9*g + 24*g**3 - 17*g**3 - 8*g**3 + 3*g**2 - 13. Determine y(5).
-4
Let o(y) = -1 + 193*y - 367*y + 125*y. What is o(1)?
-50
Let m(l) be the second derivative of l**5/20 + 5*l**4/6 - 2*l**3 - 13*l**2/2 + l. Let o be (-8)/(-12)*(2 + ((-5291)/22)/13). Determine m(o).
-2
Let t = 4 + -3. Let g(r) = -33*r + 85. Let l(c) = -13*c + 32. Let d(b) = -3*g(b) + 8*l(b). What is d(t)?
-4
Let t = 60 - 62. Let m be 7 + t - (0/(-2) - 3). Let k(r) = -5*r + 39. Let a be k(m). Let d(y) = -23*y**2 - 1. What is d(a)?
-24
Let p(g) be the first derivative of g**3/3 + g + 48. Let y(x) = 3*x**2 + 7*x + 5. Let v(b) = -4*p(b) + y(b). Give v(4).
13
Let f(b) be the second derivative of 17*b**3/6 - 11*b**2/2 + 27*b - 6. Determine f(4).
57
Let k be (-54)/(-60) + ((-215)/(-25) - 9). Let o(c) be the first derivative of -16 - 2/3*c**3 - c + k*c**4 - 1/2*c**2. Determine o(-2).
-23
Let o(m) = 122006*m - 15 + 122014*m - 5 - 244028*m. What is o(7)?
-76
Let f(d) = -d**3 - d + 2. Suppose -4*w + 12 = 4*h, h - 5*h - 12 = -2*w. Suppose -5*n - 12 = w*u, 2*n - 3*n - 15 = 5*u. What is f(n)?
2
Suppose 170719 = 3*r + 5*g - 35061, -3*r + 4*g = -205762. Let a(j) = -8*j**2 + 68591*j**3 - 7 - r*j**3 + 0*j + 8*j + 1. What is a(7)?
1
Let l(z) = -10*z + 7. Let a = 127 - 128. Let y be l(a). Let w(t) = 26*t**2 - 15*t + 12. Let g(f) = 9*f**2 - 5*f + 4. Let x(q) = y*g(q) - 6*w(q). What is x(3)?
-16
Let v(q) be the first derivative of 2*q**3/3 + 3*q**2/2 - 4*q + 75891. Let w = -3 + 0. What is v(w)?
5
Let w(r) = r**2 - 3*r + 23. Suppose -f + 13 = c + 4, 2*f - 2*c = 6. Calculate w(f).
41
Let r(q) = q**2 + q + 2. Let i(y) = -9*y + 1 + 43*y**2 - 14*y**2 - 33*y**2. Let o(c) = -i(c) - 3*r(c). What is o(-8)?
9
Let l(c) be the second derivative of -c**5/20 + c**4/12 + 5*c**3/3 - 3*c**2 - 297*c. Let s(r) = -r**3 - 8*r + 5. Let p(t) = 2*l(t) + 3*s(t). Calculate p(2).
-37
Let f(n) = -13*n**2 - 1 - 2*n + 6*n**3 + 50*n**2 - 38*n**2. Suppose 5*l = 3*l - 2. Calculate f(l).
-6
Let x(d) = d**3 + 8*d**2 - 2*d - 7. Suppose 7*u - 127 - 34 = 0. Let w = u - 9. Let t be (-4 + w/2)/((-9)/24). What is x(t)?
9
Let h(n) = n**2 - 11*n - 30. Suppose 939 = 31*j + 536. What is h(j)?
-4
Let q = -405 - -402. Let v(k) = -4*k + 43. Let b(h) = -2*h + 24. Let c(f) = q*v(f) + 5*b(f). What is c(8)?
7
Let b(k) = -38*k**2 + 78*k - 181. Let l(q) = -17*q**2 + 40*q - 91. Let y(i) = -4*b(i) + 9*l(i). What is y(46)?
-3
Let k(h) be the first derivative of h**3/3 - h**2/2 + 36*h + 79. Let m = 48 + -48. Give k(m).
36
Let m be (-172 - -15)/((-1)/1). Let s = m + -153. Let l(f) = -2*f + 3. Determine l(s).
-5
Let m(x) = -755 + 6*x - 171 - 42*x + 1900. Determine m(27).
2
Let b(a) = 55*a - 96. Let g(j) = 42*j - 96. Let d(h) = -4*b(h) + 5*g(h). Determine d(-10).
4
Let n(q) = -16*q + 714. Let y be 3*(-90)/(-7 + 1). Give n(y).
-6
Suppose -5*p + 4*p + 5*k = -16, -p - 8 = 3*k. Let l be ((-6)/p)/(-4 - 10/(-4)). Suppose l*d + 0*d - 3 = -5*h, 0 = 4*h - 12. Let c(s) = 5*s + 2. What is c(d)?
-13
Let n(t) = 10*t**2 - 14*t + 17. Let c(w) = 22*w**2 - 26*w + 38. Let x(d) = 4*c(d) - 9*n(d). Give x(16).
-161
Let y be 126/(-35) + (-2)/5. Let l(g) be the third derivative of g**5/60 + g**4/24 + 4*g**3/3 + 4*g**2. Let c(v) be the first derivative of l(v). Give c(y).
-7
Let d = 80 - 77. Suppose d*i = 4*h + 13, 4*h - 8 = -5*i + 3. Let l(f) = 13*f - 2. Determine l(h).
-15
Suppose 468 + 692 = m - 41*m. Let a(y) = y**3 + 25*y**2 - 117*y - 20. Determine a(m).
9
Let s(g) be the first derivative of -g**4/2 - 34*g**3/3 - 37*g**2/2 + 17*g - 13156. Determine s(-16).
97
Let a(h) = 549*h - 2191*h + 556*h - 3*h**2 + 540*h + 544*h + 2. Let g be (0 - 10)/(2/(-1)). Suppose -g*z + 2*z - 11 = -p, 5*z + 5 = -p. Determine a(z).
-6
Suppose 110*q - 322 - 40 = 518. Let t(i) = i**2 + 6*i - 6. Give t(q).
106
Let c(g) = g**2 - 12*g + 28. Let m be 9/(1 - -2)*(45/(-5) - -12). What is c(m)?
1
Suppose 0 = w + 475 - 479. Let p(b) = b**3 - 4*b**2 - 4*b + 4. Determine p(w).
-12
Let y(b) = 53*b + 319. Let k be y(-6). Let i(l) = 2*l + 1. Give i(k).
3
Let f = -9 + 12. Let p be f/(-1) - (-10 - (-10 + 14)). Let c(o) = -o**3 + 11*o**2 + 2*o - 15. Give c(p).
7
Let q be (-69)/(-24) + 3/24. Suppose -c = -v + 3*v + 7, 9 = -q*c - 2*v. Let i(s) = -12 - 11 - 15*s + 23. What is i(c)?
15
Let o be (2 - 0 - (-10 + 8)) + -2. Let u(a) = 15*a**2 - 22*a**o - 2 + 6*a**2. Calculate u(-3).
-11
Let o(s) = -32*s - 73. Let j(t) = -39*t - 70. Let l(h) = 5*j(h) - 6*o(h). What is l(27)?
7
Let v(m) = 2*m**3 + 13*m**2 + m - 3. Suppose -s - 2*a = 0, 4*s + 42 = -2*a + 24. Determine v(s).
27
Let i(g) = -2 - 2*g - 498*g**2 - 489*g**2 - 492*g**2 + 1480*g**2. Give i(-3).
13
Suppose -402 + 72 = -2*o. Suppose -27*l + 30*l + o = 0. Let k = l - -58. Let r(j) = -2*j - 2. Determine r(k).
-8
Let i = 149 + -146. Let y(o) = o**3 - 3*o**2 + o + 1. Let p be y(3). Let k(j) = i + j + 12 + p - 18. Determine k(-3).
-2
Let g(f) = -f**2 - 9*f + 7. Let o be g(-10). Let h = 70 + -61. Let u be h*o/27*3. Let c(b) = b**2 + b - 4. Calculate c(u).
2
Let f(b) be the first derivative of 13*b**4/4 + 5*b**3/3 + b**2 - b - 1565. Calculate f(-1).
-11
Let t(z) = -19*z - 4. Let q(h) = -4*h + 2. Let x(i) = -12*i + 5. Let g(a) = 8*q(a) - 3*x(a). Let y(o) = -5*g(o) - t(o). Calculate y(9).
-10
Suppose 51*n = 34*n + 272. Let p(u) = -7*u - n + 8 - 3 + 0*u - 11. What is p(-4)?
6
Let r(d) be the third derivative of -d**6/120 + d**5/30 + d**4/24 - 65*d**3/6 - 191*d**2. Calculate r(0).
-65
Let a(b) = 4*b**2 + 6 - 2 + b**3 - 6 - 2*b + 9. Let m be 1*((25 - 0) + -4). Suppose 36 - m = -3*q. What is a(q)?
-8
Let u(f) be the first derivative of 8*f**3/3 - f**2/2 - f - 39. Suppose -w + 6 = 1. Suppose 5 = w*s - 5*k, -2*s - k = 3 + 1. Determine u(s).
8
Let y(f) = 2*f + 13. Suppose 48*k - 50*k + 4 = 3*i, -3*k - 4*i = -6. Suppose 0 = -5*w + 25, 0 = l + 5*w - k*w - 8. Determine y(l).
-1
Let c(s) be the second derivative of s**5/20 - s**4 - 5*s**3/2 + 31*s**2/2 - 7*s. Suppose -924 = -10*u - 126*u + 844. Calculate c(u).
5
Let o(k) = k**2 + 24*k + 48. Let a be o(-22). Let j(y) = -y**3 - y**2 + 6802*y - a - 6802*y. What is j(-2)?
0
Suppose -6*s - 8*s = -8*s. Suppose s = 58*a - 62*a. Let r(k) = -k**2 - k**3 + k - k - k - 7. What is r(a)?
-7
Let o(w) = 22*w. Let v = 274 - 151. Let b = v + -122. Determine o(b).
22
Let v(q) = q + 23. Suppose 267 - 229 = -19*t - 418. Calculate v(t).
-1
Let p(h) = -4*h + 17. Suppose 29*l + 25 = a + 31*l, 30 = 5*l. Calculate p(a).
-35
Let h(j) = 17*j**3 - 3*j**2 - 23*j + 48. Let d(y) = -8*y**3 + 2*y**2 + 11*y - 23. Let s(g) = 13*d(g) + 6*h(g). Give s(4).
9
Suppose 7*l - 2*l - 609 = -3*x, -5*x + 4*l = -1015. Let z = x - 213. Let c(p) = p**3 + 10*p**2 - p - 12. Give c(z).
-2
Suppose -4*y - y = m - 54, y - m - 6 = 0. Let i = -8 + y. Let q(v) = 1 - 495*v**2 - 491*v**2 + 984*v**2. Determine q(i).
-7
Let g = 2 - 3. Let j(p) = -7*p**2 - 77*p - 77. Let f(s) = -11*s**2 + 18*s + 94. Let o be f(-4). Let d(z) = -z - 1. Let w(i) = o*d(i) + 2*j(i). Calculate w(g).
-14
Let p(w) be the second derivative of -w**4/6 - 2*w**3/3 + 3*w**2/2 + 7*w - 777. Suppose 5*u + 16 = u. Determine p(u).
-13
Let p be (228/(-8))/19*2/(-1). Let s(w) = 4 + 24*w**2 - 66*w**2 + 26*w**2 - w**p + 0*w - w + 22*w**2. Determine s(6).
-2
Let d(l) be the first derivative of 2*l**3/3 + 11*l**2/2 - 6*l + 518. Calculate d(-9).
57
Let q(a) = 6*a - 11. Suppose 35 - 239 = -3*c. Suppose 19*j - 84 = c. Give q(j).
37
Let s(f) be the first derivative of -f**2/2 + 11*f + 2. Let k be (-30)/((-4)/(-2))*17/(170/(-6)). Determine s(k).
2
Let t(c) = 3*c**2 + 13*c + 8. Let z(g) = -g**2 - g + 1. Let k(p) = -t(p) - 2*z(p). Let d(l) = -4*l + 16. Let w be d(4). Suppose w = -3*s - 41 + 20. Give k(s).
18
Let o = -1102 + 1100. Let j(v) be the first derivative of -v**6/180 + v**5/120 + v**4/24 - 2*v**3/3 - 1. Let b(q) be the third derivative of j(q). What is b(o)?
-9
Let q(k) be the second derivative of k**2 - 125*k + 0 - 4/3*k**3. Calculate q(-1).
10
Let w(n) be the third derivative of -n**5/20 - 19*n**4/12 - 5*n**3/2 - 2*n**2 - 265*n. What is w(-12)?
9
Let y(r) = 10*r + 23. Let x(a) = 18*a + 44. Let f(o) = -4*x(o) + 7*y(o). Determine f(-6).
-3
Let t = -42 + 20. Let g = t + 24. Let o(l) = -39*l**2 + 75*